**2/2 + 4*s. Let l(i) = 2*i - 11. Let c(v) = 13*a(v) - 6*l(v). Determine c(6).
7
Let o = 21 + -18. Let a(g) = -27*g**3 + g + 15*g**o + 13*g**3 - 9. Let b(c) = -c**2 + 2*c. Let p be b(2). Give a(p).
-9
Let q(y) = y - 7. Let k be q(6). Let l be (-1 + k - -1)*0. Let c(i) = 4*i - 12. Let g(z) = z - 4. Let p(v) = 2*c(v) - 7*g(v). Calculate p(l).
4
Suppose -5*s = 8 + 7. Let k(i) = -i - 1. Let h(x) = 3. Let u(t) = 1. Let y(v) = -4*h(v) + 10*u(v). Let w(b) = -4*k(b) + 3*y(b). Determine w(s).
-14
Let x(b) be the second derivative of 3*b**4/4 + b**3/3 + b**2/2 - b. Calculate x(-1).
8
Suppose 5*z + 1 = -4. Let w = 1 - z. Let y(b) = -4*b**w + 2*b**3 - 6*b + 3*b + 5 - b**3. Determine y(4).
-7
Let l(c) = 49*c + 1 + 53*c - 98*c. What is l(-1)?
-3
Let q(w) be the third derivative of -3*w**2 + 1/12*w**4 - 5/6*w**3 + 0*w + 0. Suppose -v = v - 8. What is q(v)?
3
Let k(i) = -i**3 + 6*i**2 - 4*i - 3. Let y be k(5). Let j(w) = -4*w + 2. Give j(y).
-6
Let q = -4 + 0. Let x(p) = -7 - 10 - 3*p + p**2 - 12*p**2. Let h(k) = -5*k**2 - 2*k - 8. Let n(b) = q*x(b) + 9*h(b). What is n(-3)?
5
Let u(d) = 11*d**3 - 18*d**2 + 9*d + 5. Let p(w) = 4*w**3 - 6*w**2 + 3*w + 2. Let n(z) = -8*p(z) + 3*u(z). Determine n(5).
-11
Suppose 0 = 4*i + 12 + 8. Let n(l) = l. Calculate n(i).
-5
Suppose 0 = 5*h - 1 + 31. Let w(b) = -b**2 - 9*b - 6. Calculate w(h).
12
Let k(f) be the second derivative of -f**3/6 - f**2 + f. Let q(m) = 1. Let g be (3 + -1)/((-7 + 4)/3). Let j(r) = g*q(r) - k(r). Calculate j(6).
6
Let d(u) = u**2 + 7*u - 6. Let x be d(-7). Let s(i) = 5*i**3 + 4*i**2 + i - 2. Let p(h) = h**3 + h**2. Let o(n) = x*p(n) + s(n). Give o(-3).
4
Let x(c) = -2*c**3 - 12*c**2 + 5*c - 1. Let l(m) = m**3 + 6*m**2 - 3*m + 1. Let r(i) = 5*l(i) + 3*x(i). What is r(-6)?
2
Let x = 13 - 8. Suppose x*n = 5 + 5. Let w(t) = -5*t**n - 3*t**3 + 2*t**3 - 6 + 4*t - 11*t. Determine w(-4).
6
Let g(k) = -2*k + 3. Let x(n) = 5*n + 2. Let c(h) = -h - 1. Let t(u) = 6*c(u) + x(u). Let w be t(-4). Let s = 4 - w. Calculate g(s).
-5
Let x(n) = 4*n - 1. Let o(g) = 5*g - 1. Let m(c) = -3*o(c) + 2*x(c). Let p = 13 + -12. Give m(p).
-6
Let n be 2/(-7) + (-27)/(-21). Let p = -4 - -5. Let r be p*(-1)/(n/(-2)). Let i(a) = 3*a + 1. Calculate i(r).
7
Let f(j) = -9*j**3 - j**2 + j + 1. Suppose -2 = -4*x + 10. Let k = 2 - x. What is f(k)?
8
Let r(l) = l**3 + 5*l**2 + 5. Let h be r(-5). Let j(q) be the first derivative of 3*q**2/2 - 5*q - 7. Determine j(h).
10
Let d(g) = -g**2 + 5*g + 1. Suppose 2*m = -3*r - 3 + 6, 9 = 2*m - 3*r. Let x be 9*(-2)/m*-1. Give d(x).
-5
Let c(q) be the third derivative of q**5/60 + q**4/6 - 7*q**2. Calculate c(-2).
-4
Let i = 7 - 5. Let n(r) = -2 + r**i + 0*r**2 + 3 + 0 + 2*r. Give n(-1).
0
Let p(u) be the second derivative of -u**4/12 - 5*u**3/6 + 6*u. Calculate p(-6).
-6
Let t(j) = 3*j**2 + 3*j. Let a(g) = -3 + 0 - g + 2. Let v be a(-6). Let x = -7 + v. Give t(x).
6
Let x(o) be the second derivative of o**5/20 - 5*o**4/12 + o**3/2 + 2*o**2 - 5*o. Suppose 4 = -4*q - 5*n - 9, 35 = 5*q - 4*n. Calculate x(q).
-5
Let z = 16 - 54. Let o be z/14 + (-4)/14. Let t(c) be the second derivative of c**5/20 + c**4/6 - c**3/2 - c**2/2 - c. What is t(o)?
-1
Let z(o) = o**2 - 6*o. Suppose -7*c = -2*c + 25. Let m = 9 + c. Calculate z(m).
-8
Let l be (0 - 0)/2 - -15. Let i = l + -10. Let g(j) = 3 - 5*j - 3*j + i*j. Calculate g(3).
-6
Let b(q) = q**2 - 7*q - 4. Let n be b(8). Let u(c) = 0*c**3 - n*c**3 + 5*c**3. Calculate u(-2).
-8
Let a(z) = -z. Let v(j) = -4*j**3 + 4*j + 3*j**3 + 0*j**3 - 3*j - 1 - 2*j**2. Let t be v(-2). What is a(t)?
3
Let u = -2 - -2. Let w = 12 + -11. Let d(n) = 4*n + 2. Let i(x) = x. Let z(r) = w*d(r) - 3*i(r). Give z(u).
2
Let n(w) be the second derivative of 1/3*w**3 + 1/20*w**5 - 1/12*w**4 + w + 0*w**2 + 0. Calculate n(2).
8
Let j(u) = u - 1. Suppose -2*s = d - 4*d + 16, -5*s - 15 = 5*d. Suppose -d*f = -4*g - 16, -f = 2*g + 3*g + 6. Suppose 0 = -z + f*z. Determine j(z).
-1
Let w be 10/(-60) - 38/(-12). Let a(b) = w*b - 5*b + b**2 - 5*b + 12*b + 6. Calculate a(-6).
12
Let b(x) = 2*x**2 + 7*x. Let w(g) = -g**2 - g - 1. Suppose 2*d = 7*d + 5. Let r(m) = d*w(m) - b(m). Calculate r(-6).
1
Let b(l) = -l - 2. Let t(a) be the second derivative of -a**5/10 + a**4/4 - a**3/3 + a**2 + 2*a. Let u be t(2). Determine b(u).
4
Let u(n) = 23*n + 14. Let r(t) = -8*t - 5. Let o(i) = -17*r(i) - 6*u(i). Suppose 1 = 4*b - 4*h + 29, -25 = 5*b - 3*h. Let f = b + 3. Calculate o(f).
-1
Let d(y) = 7*y + 13. Let w(h) = 3*h + 6. Let b(s) = 2*d(s) - 5*w(s). Suppose -g = -3*r - 14, 5*r + 5*g + 24 = 7*g. Give b(r).
0
Suppose -2 = 3*b + 4. Let d be -2 - 4*3/b. Let n(y) be the first derivative of -y**4/4 + 4*y**3/3 - 4*y + 1. Determine n(d).
-4
Let o = -10 - -15. Let m(d) = -3 - d + o - 5. Calculate m(-5).
2
Let r(h) be the first derivative of 5 - 9*h + 0*h**2 + 1/3*h**3. Determine r(0).
-9
Let a(y) = -3*y**3 - y. Suppose 3*d = 3*j - 3, -d + 12 = 5*j - 5. Let s = 2 - j. Give a(s).
4
Let f = 0 + 4. Let p(v) = -v**3 + f*v + v**2 - 6 - 4*v**2 + 2. Let g = 2 - 6. Calculate p(g).
-4
Let l be 2/4 - (-5)/(-10). Let w(a) = -4*a + l + 3 - 2. Let z be w(-1). Let j(u) = -u + 1. Give j(z).
-4
Suppose 0 = -2*z + 3 + 3. Let r be (4/(6/z))/1. Let m(q) = -3 + 0 + 4*q**2 + r. Determine m(1).
3
Let u = -159 - -163. Let d(l) be the second derivative of -1/12*l**4 + 0 - 2*l**2 + u*l + 1/2*l**3. Give d(4).
-8
Let n(u) = -3*u + 2*u + 2*u + 3 + 3. Give n(0).
6
Let j(w) = w**2 - 1. Let u be 2*(-3)/((-3)/2). Suppose 0*l + 20 = u*l. Suppose 4*o - 18 = l*h, 0 = -2*h - h - 3*o. Give j(h).
3
Let o(k) = k**3 - 2*k**2 - 3*k + 3. Suppose 1 + 4 = i. Suppose 4*d = -5*m - i, 22 = 4*m - d + 5. Calculate o(m).
3
Let n(u) = u**3 - 5*u - 2 - 41*u**2 + 77*u**2 - 40*u**2. Let z = 12 - 7. Calculate n(z).
-2
Let s(p) = -p**3 + 6*p + 3*p**2 - 3*p + 7 + 3*p. Give s(5).
-13
Let n = -2 - 5. Let s = n + 5. Let m(i) = i**2 + 3*i + 2. Calculate m(s).
0
Let n(t) be the third derivative of t**4/24 - t**3/3 - 5*t**2. Let x be n(1). Let k(i) = -7*i**2 - i - 1. Calculate k(x).
-7
Let v(p) be the third derivative of -p**6/30 + p**5/30 - p**4/24 + p**2. Suppose 2*o - 9 = 3. Let m = o - 5. What is v(m)?
-3
Let u be 7*(1 + -2 + 2). Let f be (-52)/10*(u - 2). Let s be 2/3 + f/(-6). Let h(w) = w - 4. Calculate h(s).
1
Let q(a) = a**2 + 5*a + 1. Let o = 11 - 15. Let s(y) = -y**2 - 5*y - 2. Let r be s(o). Suppose r*d + 20 = -3*d. Give q(d).
-3
Let b(w) = w**2 - 2*w + 2. Let k(u) = 7*u**2 - 13*u - 17. Let s(l) = -13*l**2 + 25*l + 33. Let f(c) = 11*k(c) + 6*s(c). Let m be f(8). What is b(m)?
5
Let s(a) = 5*a**2 + a - 1. Let l = -69 + 70. Give s(l).
5
Let q(z) = 2*z - 2 - 2*z**2 + 4 + 1. What is q(-2)?
-9
Let s = -49/3 - -17. Let l(d) be the third derivative of 1/24*d**4 + 0*d + 0 + s*d**3 + 2*d**2. Calculate l(-5).
-1
Let d(h) be the first derivative of h**4/4 + 4*h**3/3 - 2*h**2 + h - 1. Let z = -4 + -1. What is d(z)?
-4
Let d(t) = -t + 10. Let a(q) = q**3 - 7*q**2 + 2*q - 8. Let y be a(7). What is d(y)?
4
Let r(n) = -n + 1. Let y be r(-1). Let l(v) = 1 + 2*v**2 + v**y - v**2 - 3*v**2. Give l(-1).
0
Let j(s) = s**2 - 4*s - 5. Let b be (-2 + 4/6)*3. Let g(r) = 2*r + 6. Let d be g(b). Let x be 3 - (6/d - -2). Give j(x).
-5
Let z(d) = -5*d + 41. Let g be z(9). Let c(s) = s**2 + 4*s + 5. Give c(g).
5
Let g(j) = -j**2 + 3*j + 4. Suppose q - 25 = -4*q. Give g(q).
-6
Let q(w) = -w**3 + 3*w**2 - 2*w - 2. Suppose -19*i + 18*i = -3. What is q(i)?
-8
Let z(w) = 3*w - 4. Let y = -4 - -10. Suppose -d + y = 3. Calculate z(d).
5
Let k(j) = -j + 4. Let p(t) = t. Let r be 1/(-1 - -2) - 2. Let n be (-1)/4 + 7/(-4). Let h(q) = n*p(q) + r*k(q). What is h(-3)?
-1
Let l(o) = -6*o**2 + 5*o + 2. Let w(t) = 7*t**2 - 5*t - 1. Let m(v) = 6*l(v) + 5*w(v). Give m(5).
7
Suppose -3*o + 2 + 4 = 2*y, 0 = -4*o + 8. Let b(a) be the third derivative of a**4/24 + 5*a**3/6 - a**2. Determine b(y).
5
Let g(a) = -9*a + 3. Suppose 2*v - 6 = 0, 3*x - 4*v + 3 = 12. Let k(w) = 4*w - 1. Let n(o) = x*k(o) + 3*g(o). Suppose -3*c + 8*c = -30. Determine n(c).
-4
Let j(b) = -2*b + 3. Suppose -4*k + 1 = -11. Calculate j(k).
-3
Let s(i) = -i**2 + 7*i - 4. Let u be s(6). Suppose u*d + 3*d = 0. Let p(t) = 0*t + d*t + t. What is p(0)?
0
Let x(j) be the first derivative of -j**3/3 - j**2/2 + 3*j - 22. Suppose -12 = 2*y + 3*l, -4*y - 5 = l